 11?
-2
-1 - (0 + -4 + 6 + -3)
0
What is -2 - (5 + -11 + 4)?
0
-14 - (5 - (1 - -4) - 5)
-9
What is -3 - ((2 - 1 - 0) + -9)?
5
What is the value of -5 - (-5 - 1) - -3?
4
Evaluate 0 + (-8 + (3 - 2) - -3).
-4
What is the value of -4 + (-4 - -2) + 10?
4
(-11 - (4 + -4)) + 9
-2
Calculate 46 + -54 - ((-2 - -3) + -2).
-7
-4 - 1 - (2 + (-1 - 1))
-5
What is (-1 + 4 - 1) + 5 + -6?
1
Calculate 2 - 0 - (-2 + -6 + 6).
4
-1 + 1 + -10 + 9 - 3
-4
Evaluate -2 - -1 - (-36 - -38).
-3
Calculate -11 + 21 + 4 + -13.
1
What is -5 + -9 - (6 + (-8 - 5))?
-7
What is the value of (-1 + 2 - 0) + 1?
2
0 + -8 - (-13 - (-27 + 20))
-2
What is 1 - 0 - 2 - (-279 - -280)?
-2
What is the value of -7 + -5 - -11 - 0?
-1
What is -2 - (-14 + 6 + 5)?
1
What is the value of -2 - (0 + -2 + 2)?
-2
Evaluate -3 + 3 + -5 + 4 + -2.
-3
Calculate (3 - 1) + -10 + 2 - -2.
-4
-238 + 232 - (1 - (8 + 1))
2
Evaluate 3 + 0 + -16 + 8.
-5
Evaluate -6 + (-5 - -9) + -1 + 5.
2
What is the value of 1 + -5 + 2 + -1?
-3
Calculate (0 - 8) + 14 + 1 + -13.
-6
Calculate -2 + 0 + -3 - (-7 - 0).
2
3 + -7 - 3 - (7 - 7)
-7
10 + -6 + (1 + -3 - 0)
2
Calculate (-2 - -1) + (16 - (-4 - -16)).
3
Calculate -3 + 0 - (0 + -5).
2
Evaluate -4 + -2 - (-2 + -1 + -9).
6
1 + 2 + (-6 - -4)
1
What is the value of (-12 + 2 - 2) + -21 + 24?
-9
Calculate 4 - (-5 + (0 - 6 - -8)).
7
2 - (-3 + 10 + -3) - 4
-6
(-8 - (-16 + 10)) + (0 - 4)
-6
Calculate 9 + (5 - 8) + -1.
5
Calculate 11 + (3 + -15 - -6).
5
Calculate -1 + (6 - 1) + (-7 - 0).
-3
Evaluate (-2 - -1) + 4 + -3.
0
Evaluate (9 - 11) + 5 + 0 + 2.
5
Calculate 47 + -62 - (-1 - 5).
-9
Evaluate -1 - (1 + -1) - (-7 + 7).
-1
What is 3 + -8 - 2 - -3?
-4
-5 + 6 - (3 + (0 - 1))
-1
Calculate 0 + (-4 - (-2 - 3)).
1
Calculate -3 - (1 + 1 + -7 + 2).
0
-6 + (10 - 6 - -7)
5
Evaluate (-3 - -1) + (-17 - -16) + 0.
-3
What is 15 + -10 + -1 + -5 + 5?
4
(-10 - -10) + (-3 - -7)
4
What is the value of (-8 - -4) + (3 + 0 - 0)?
-1
Calculate -5 - (5 + -13 - 2).
5
Calculate (-23 - -23 - (-7 + 1)) + -4.
2
Evaluate -1 + 3 + (-2 - 4).
-4
Calculate 4 - (2 - -2 - 10 - 0).
10
7 + 0 - (-29 - -32)
4
Calculate -4 + (-28 + 34 - (2 - 3)).
3
Evaluate (0 - -2) + 1 + -4 - 1.
-2
Evaluate 3 + -10 + 5 + -1.
-3
Calculate 8 - (11 - (7 + -1)).
3
Calculate -3 + (1 - 0) + 4.
2
-4 + -2 - -2 - (1 + -10)
5
-8 + (4 - (0 + -2))
-2
What is -14 + 25 - (4 - -2)?
5
What is the value of (3 - 3) + 0 + -3 - 2?
-5
-4 - (-3 - (3 + -2 + -3))
-3
What is -7 + 8 + (-3 - -6 - -1)?
5
What is the value of 7 - (5 + 4 + -5)?
3
Calculate 0 - 9 - (-4 + -1).
-4
What is -2 + (3 + -4 - 0) - -13?
10
Evaluate (2 - (3 - -3)) + 13 + -6.
3
What is -15 - 0 - (-17 - -9)?
-7
Evaluate -1 + (-1 - (1 - 2)).
-1
Calculate 5 + -7 - (-6 + 2).
2
Evaluate 0 + 2 + -5 + (-1 - -6).
2
-22 - -26 - (2 - -2)
0
What is -1 - 2 - (5 - 4)?
-4
-10 + -9 + -5 + 22
-2
(-10 + 5 + -3 - -3) + 4
-1
-4 + 5 + (2 - -1) + -3
1
-8 + (2 + -3 + -1 - -6)
-4
What is the value of 0 - -3 - (2 + 1)?
0
What is the value of 4 + (5 - (1 + 6))?
2
Evaluate -6 + -4 + 3 + 3 - 2.
-6
Calculate -6 + -13 + 25 + (-1 - 1).
4
Evaluate -7 + (5 - (2 - -4)).
-8
Evaluate -8 + 9 + (3 - 0).
4
What is 1 + -7 + 4 + (4 - 1)?
1
What is the value of -1 - (10 - 17 - 1)?
7
Calculate 2 + 3 + -1 - (-5 - -12).
-3
Evaluate (-4 - -8) + 0 - (5 - 1).
0
Calculate -4 + -6 + (19 - 5).
4
What is -7 - (-23 + 5) - 7?
4
What is the value of -7 + 2 + -4 + 7 + 0?
-2
What is the value of 1 - (0 + -1) - (148 - 147)?
1
Evaluate (-7 - -5 - -2 - -2) + 2.
4
What is (4 - 5) + 0 + 5?
4
Calculate 35 + -39 + (-4 - -17).
9
What is the value of 3 + (-1 - (-5 - -11) - -5)?
1
What is -9 + 1 - (4 + (-1 - 6))?
-5
What is the value of -1 + (8 - 0) + -2?
5
Evaluate -6 + 3 - -7 - 0.
4
(2 - (-3 + 1)) + -7
-3
Calculate 4 - 2 - (26 + -23).
-1
9 + (-4 - -8 - 7)
6
What is the value of 13 + 7 + -22 + -5?
-7
What is the value of -2 - -2 - (0 + 1)?
-1
What is 9 - (12 + -5 + -10 + 10)?
2
Calculate (14 - 19) + (-5 - 1) - -6.
-5
What is the value of (-1 - 0) + (0 - (3 + 5))?
-9
7 - (-5 - -17 - 0)
-5
What is the value of -2 + 2 + -2 + -3?
-5
Calculate -6 + (2 - 3) + 4.
-3
What is the value of -7 + (1 - 1) + 2 + 0?
-5
2 + 3 + -1 + 6 - 3
7
2 + -3 + -11 - -20
8
What is the value of (5 - -2) + -10 - -4?
1
-5 - (1 + -17 - (-24 - -20))
7
(-8 + 1 - -11) + (-4 - 3)
-3
Evaluate 2 + (-2 + 3 - (2 - -2)).
-1
(1 - -2) + -5 - -5
3
Calculate 1 + (1 + -4 - -4 - 1).
1
Evaluate 1 - ((0 - (4 - 1)) + 4).
0
10 + 8 + (-23 - -1)
-4
What is (-8 - -2) + (12 - 8)?
-2
Calculate (-3 + 6 - (-1 - 0)) + -2.
2
7 + 3 + -5 - 10
-5
What is 5 - (5 - 5 - -3)?
2
Calculate -5 + 8 + 0 + -5.
-2
Evaluate 7 + 7 + (8 - (6 + 10)).
6
4 - ((-11 - -9) + 14)
-8
What is 6 - 8 - (-1 + -3)?
2
What is the value of -9 + 0 + 0 - -4?
-5
Evaluate 3 - ((4 + -3 - -4) + 1).
-3
What is the value of -2 - (2 - (3 - -1 - 1))?
-1
Evaluate -10 + 9 - (-1 - 4).
4
Calculate 4 - (7 + 2 + 3 + -3).
-5
What is 2 + -1 + -1 + -40 + 42?
2
What is (-5 - (-17 - -5)) + (1 - 4)?
4
What is -11 + (-3 + -1 - (-69 - -57))?
-3
Evaluate 73 + -72 - (-2 - -1 - -4).
-2
Evaluate 2 + (2 - 5) + 1 - -5.
5
Calculate -5 - ((8 - 1) + -3 - 3).
-6
What is -3 + (-28 - -9 - -13)?
-9
What is 3 + 0 + 0 - 4?
-1
(1 - 1) + (6 - 7 - 2)
-3
What is 3 + 14 + -6 + 6 + -14?
3
What is 18 - 22 - (0 - 2 - -3)?
-5
What is the value of -1 - (-4 - 10) - 5?
8
What is 4 - (-6 + 6 + (0 - 2))?
6
Calculate -8 - -1 - -10 - -3.
6
What is the value of -4 + (2 - (4 + 0 - 4))?
-2
What is (8 + -5 - -7) + -2 + -4?
4
What is the value of 5 + 1 - 7 - (1 + -3)?
1
Calculate -6 + 0 + 14 - -2 - 5.
5
What is -1 + -1 - (-4 + 12 + -11)?
1
(2 - 6) + 0 - (4 - 9)
1
What is the value of 17 + -20 + (0 - 1) - -3?
-1
Evaluate (-21 - -23) + (-5 - -3).
0
Evaluate -11 + -9 + 30 + -3.
7
Evaluate 8 + -3 + -3 + (4 - 6).
0
8 - (-3 + 7) - 4
0
Calculate 180 - 190 - (-9 + 1).
-2
What is (-3 - (0 + -1)) + -26 + 29?
1
Calculate -1 - (-5 - -5 - (0 - 2)).
-3
What is 11 - (13 + 9 + -14)?
3
Calculate 0 + -1 + 4 - (0 + 3).
0
What is (29 - 32) + (1 - -8) + -2?
4
(0 - (2 + 0)) + 3
1
Calculate 3 + -2 + -1 - (-88 - -94).
-6
What is 1 + -2 + -1 + (4 - 3)?
-1
What is -3 + (15 - 6) + -3 + -8?
-5
Calculate 4 - (-4 - -3 - -3).
2
What is -14 + 13 - (-2 - -5)?
-4
Evaluate 0 - ((-2 - (1 + -2)) + 0).
1
What is the value of (-2 - 3) + (4 - -8)?
7
3 + 2 + -6 + (-3 - -5)
1
Evaluate -3 - (7 + (-23 - -1 - -7)).
5
Calculate -3 + (8 - 2) - 7 - -9.
5
What is the value of (-1 - 3) + 1 + -1?
-4
Evaluate -1 - -4 - -2 - 5.
0
Calculate (-11 - 1 - 0) + 3.
-9
Calculate (-5 - (-4 - (12 + -5))) + -10.
-4
Calculate -7 - (-8 + 0 - -12 - 11).
0
What is -1 + 5 + (-1 - 0)?
3
What is the value of -18 + (17 - (6 + 1))?
-8
What is 2 - ((16 - 18) + (0 - -9))?
-5
Evaluate 11 + -10 + (1 - 4).
-2
What is 213 + -221 - (1 - 11)?
2
0 + 4 - (-1 + -1 + 5)
1
Evaluate -1 + 7 + -1 + 1 + 1.
7
Evaluate -2 + 1 + 6 - 0 - 7.
-2
What is 8 - ((8 - -1) + (-57 - -53))?
3
Calculate (9 - (4 - -3)) + -7.
-5
Evaluate -9 + 3 - (-9 + 0 + 1).
2
Evaluate (-3 + -1 - (-1 + -2)) + 5.
4
What is (1 + 1 - -5) + -95 + 85?
-3
Evaluate -13 + (5 - -6) + 1 + -3.
-4
Evaluate (3 - -8) + -8 + 3.
6
-9 - (-8 + 12) - -7
-6
What is the value of 5 + -3 + 1 + -2?
1
Calculate 99 + -98 + -5 + (1 - 0).
-3
What is the value of -4 + (-10 - -5 - -12) - 3?
0
0 - (3 - -1) - -2
-2
-20 - -26 - (0 - 4) - 4
6
What is the value of (-4 - -8) + 2 + (-3 - -2)?
5
Evaluate (3 - (-1 + (4 - -2))) + 3.
1
What is -11 - (-2 + -12 + 7)?
-4
Calculate 2 + -1 + 0 + -2.
-1
-14 + -6 + 14 + 7
1
What is 6 - (-3 + (5 - 5) + 1)?
8
Evaluate 1 - -5 - 2 - (5 + 1).
-2
-6 + (3 - 6) + 14
5
5 + (1 - 2) - (7 + -8)
5
What is the value of 10 + -2 + 0 + (6 - 11)?
3
What is the value of (-3 + (5 - -3) - 12) + 2?
-5
-2 + -6 + 2 + 8
2
Calculate -2 + (-11 + -6 - -11).
-8
What is the value of 2 + (4 - 0) + -3?
3
What is the value of 3 + (-3 - (-5 - -5 - -4))?
-4
What is the value of (-7 - -4 - -8) + -1?
4
4 - 6 - (-6 + 2)
2
What is 2 - (4 - (-1 - -9 - 4))?
2
Calculate 6 - 2 - (3 + -2) - 6.
-3
-5 + (-5 - (-4 - -3)) + 12
3
What is 4 + -2 + -5 + 3 + -1?
-1
Calculate 1 + (-6 - (-5 + -4 + 5)).
-1
Evaluate -4 + 6 + (5 - (3 - 4)).
8
What is the value of (-3 - -1) + 7 + 3?
8
Evaluate -6 - (0 + 6 - 7).
-5
(1 - 1) + -20 + 17 - 1
-4
Evaluate 3 - 11 - (-7 - -2).
-3
Calculate (5 - 2) + (0 - -7) + -13.
-3
Calculate -4 + 1 - (8 - 3 - 9).
1
What is the value of (-4 - -6 - -3) + -4?
